 0) + (-99 - (25 - 127))?
-33
Calculate (18 + -48 - -35) + 2 - (-5 + 1).
11
What is the value of 2 - (1 + -1 + -2) - 6?
-2
(6 - 1) + (-116 + 92 - (8 - 27))
0
4 - (-23 - (-2 - -11 - (41 + 25 + -43)))
13
Evaluate (-1 - 2) + -21 + (-8 - (-19 + -36 + 25)).
-2
What is 6 - (129 + -57 + -13 + -5 + (-2 - -13))?
-59
What is 1 - 4 - 8 - (56 - (26 - 0) - 92)?
51
Evaluate -67 - (-128 + -8) - (3 + -4 + 7).
63
What is the value of (3 - 2 - (2 + -3) - 16) + (-48278 - -48233)?
-59
What is -10 + (-5 + (12 - (-22 + 7 + 7)) - 6)?
-1
-16 + 1 + (-3 + -1 - (857 + -927))
51
What is the value of 24 - (23 - (1 + 7) - (-2 + -6 - -16))?
17
-1898 + 1847 - (-79 + 1)
27
What is the value of (-64 - (13 - 9)) + 67 + (10 - -1)?
10
Evaluate -8 + -22 - ((112 - 101) + (1 - 24)).
-18
What is 24 + (17 - 51) + (-5 - -14) + -72?
-73
Evaluate 53 - (79 - (-37 - -100)).
37
Evaluate (114 + -62 - 124) + 56.
-16
Calculate -213 + (358 - 112) - (-10 + 0).
43
What is -19 + (-30 - -76) + -16 + -55?
-44
9 + -103 - (-1 - -5 - (-144 + 155))
-87
What is the value of -119 + 103 + 45 + -8 + 0?
21
What is (29 - (39 - -12)) + 63?
41
Calculate 12 + 3 + -7 - (-18 + 70) - -9.
-35
Calculate 226 + -221 + -6 + (-4 - (-1 + 1)).
-5
Evaluate 6 - (38 - 25 - -13) - -122.
102
Calculate -1 - 6 - (27 - (44 + (21 - 42) + -27)).
-38
What is the value of 95 - 65 - (25 + -44 - -35)?
14
-49 - (23 + 72 + -129)
-15
35 + (-87 - -55) + (-2 - (-2 - 62))
65
What is -15 + 64 + (-25 + 17 - (-3 + 5 + -21))?
60
Calculate -4 - ((78 - 37 - -21) + -1 + -18).
-47
What is (-301 - -283) + (15 - 0) - -52?
49
64 + 0 + -13 + (-37 + 28 - (-19 + 0))
61
(5 - -6) + -10 + 24 + -14 + -8 + 5
8
What is 949 + -921 - (-14 - 3)?
45
What is the value of 119 + 22 + -35 + -23?
83
What is the value of 1 + 1 + 2 + -5 + -46 + -92 + 83?
-56
What is 39 + -5 + (-16 - -3) + -17 + 45 + -16?
33
(-9 - 61) + (-26 - -62)
-34
What is the value of (-1 + -1 - (97 - 92)) + (5 - (-7 + 99))?
-94
What is 52 + -1 - (-451 - -440 - (-3 + -1) - 0)?
58
What is 17 + (-1 + 0 - (-2 - -1) - (-3 - -1))?
19
What is the value of 10 - (-43 - 65 - -213)?
-95
Evaluate -19 + (7 - (4 - 19 - 87)) + -21.
69
What is the value of -4 - (-7 + (-3 - -25) + (-28 - -9))?
0
Calculate -3 - 3 - (-72 - (-16 - (22 + -17))).
45
What is (8 - (84 + 3 + -4)) + 16 + -5?
-64
-11 + (9 - (-60 - (-14 + 4))) + 6
54
Calculate 2 + -5 - -43 - (-17 + (8 - (-31 + 24))).
42
-44 + -10 + (-23 + 15 + -3 - -9)
-56
What is 68 + -4 + -2 + -22?
40
What is 11 + 2 - (-3 + (52 - 1) - -9)?
-44
Calculate 60 - -4 - (-1 + -7) - 16.
56
What is the value of 26 + -85 + (-2 - 12) + (-9 + -2 - 2)?
-86
What is (204 - 196) + (-54 - 1) - (-1 + 18)?
-64
What is the value of 4 + (-18 - (94 - 128))?
20
Calculate 0 + 3 - (52 - 45 - -35 - -14).
-53
Calculate -10 + -1 + -34 + 73 + -21.
7
Calculate -9 + -3 + 9 + (-16 - 3).
-22
What is the value of -107 + -12 + 92 + 80?
53
Calculate -89 + (54 - -24) + 124.
113
What is -16 + (1 - ((0 - 0) + 135 + -143 + 0))?
-7
29 - 0 - (54 + -45)
20
-42 - -19 - (-9 + (-1 - 38))
25
Calculate -60 + 10 + (4 + -22 - (10 - 6)).
-72
What is -13 + -103 + 72 + -11?
-55
What is 1 - -2 - (-2 + 19) - -23 - (31 + -1)?
-21
What is 7 - -44 - (-1154 - -1257)?
-52
(-1 - -3 - (4 + -10)) + (210 - 243) + -6
-31
What is 0 - (-11 - -1) - (-25 + (63 - (64 - 25)))?
11
Evaluate (0 - (12 - 14)) + 16 - (10 + -1) - 47.
-38
(-82 - (-59 - 68)) + -30
15
What is (12 - -7) + 3 - (60 + -44)?
6
(-156 - -190) + -19 + (-72 - (-1 + 2))
-58
What is the value of (2 - 9) + -9 - (8 - (-1 - (0 + -14)))?
-11
Calculate -15 + (9 - -2) - (-3 + -11 + 12).
-2
What is -1 + 25 + (24 + -45 - -59 - -33)?
95
What is 1 - 13 - (-26 + 1 - (-117 + 24 + 97))?
17
Calculate 54 + (6 - 6) + (-7 - -22) + -15.
54
Calculate -1060 - -990 - (-134 + 0).
64
Calculate 86 + (8 - 11) + 15 - -3 - 5.
96
Evaluate (156 - (107 + 1)) + 92.
140
(0 - 1) + 49 - (15340 - 15321)
29
Calculate -65 + 16 + -4 + (-38 - -23).
-68
What is (-9 - (-6 + 1)) + 14 + (4 - 8) + 3?
9
What is the value of 4 - 0 - (15 + -3 + 52)?
-60
(-1 - 3 - (-2 - 3)) + 62 + -9
54
Calculate (17 - (19 + -17)) + -75 + -17 + 4.
-73
What is the value of -28 + -67 + 54 + 67?
26
What is the value of -283 - -306 - (-18 + -2 - 1)?
44
What is 1687 - 1701 - (-101 - 3 - -2 - (-4 - -4))?
88
What is the value of 8 - (-35 + (24 - -25))?
-6
Calculate (92 - 37) + -41 - 16.
-2
Evaluate 1 - (-25 - -15 - -14 - (-7 + (15 - 3))).
2
-126 + -10 - 23 - -11
-148
Calculate (9 - (16 - (6 + 11 + -5))) + 33.
38
Calculate (33 - 8) + (7 + (-5 - 5) - 0).
22
-5 + (11 - 6 - 17) + 19
2
Calculate -8 + ((-15 - -8 - -7) + -17 - 7).
-32
Evaluate (-3 - 0) + 1712 + -1696 + -21 + -1.
-9
Evaluate 162 - -81 - 315 - (-4 - (2 - 1)).
-67
-14 + (-12 - -9) + 18 - -23
24
Calculate 555 + -559 + 0 + 6 + 18.
20
Evaluate 22 - 10 - (9 - -7) - (-29 - 17).
42
What is the value of 115 - ((-13 - (-3 - (-9 - -21))) + -6) - 10?
109
Calculate -26 + 26 + 102 + -45.
57
-32 + -245 + 266 + (-1 - 4)
-16
Calculate -4 + -14 + -33 + (-4 - 0 - (-17 - -3)).
-41
16 + 2 - (15 + (16 - (13 - -22)))
22
What is (-49 - 1) + (-23 - 2) + 70 + -129 + 80?
-54
Evaluate 100 - (54 - (-134 + 116)).
28
What is -70 - (73 - 132) - (3 + (7 - 2))?
-19
Calculate 13 + -3 - (-6 + 3 + -1 + (52 - 47)).
9
(-189 - -35) + 75 - -8
-71
What is the value of -39 + 8 + -12 + 4 + -44 + 51?
-32
What is the value of 19 - (4 + 15 + 37)?
-37
Calculate -50 - (-52 + 80 + -72).
-6
Calculate -866 + 878 + (-4 - (0 + -4)).
12
Calculate 9809 - 9812 - (43 - -1).
-47
What is the value of (141 - 176) + -65 + 36?
-64
Calculate -2 + 7 + (-27 - -29 - (-1 - (-3 + -4))).
1
Calculate (16 - -35 - 49) + 75.
77
Evaluate -738 + 706 + -3 + -1.
-36
Evaluate (-22 + -3 + 22 - 8) + 17.
6
(-4918 - -4917) + (0 - (0 - -17))
-18
What is (16 - -3) + -3 + 60 + (-4 - -9)?
81
(1 - -11) + 71 + -18 + -25
40
Calculate -14 + (0 - 13 - -4) + 10 + 2 + -73.
-84
Calculate -5 - ((-5 - -16 - (-15 + 21)) + (0 - 0)).
-10
-9 - (-78 + 194 + -115)
-10
What is 1 + -2 - (-40 - (-59 + 61 - 91))?
-50
What is the value of -9 - (-2 + (8 - 2) - (-4 - (-33 - -20)))?
-4
Evaluate -72 - ((-477 - -524) + (1 - -1)).
-121
Calculate 3608 - 3605 - (1 - (1 - -8)).
11
What is -2 - (-29 - (24 + -62))?
-11
Evaluate -1 + (7 - 3) + (52 - 63).
-8
(-48 - (4 + -32)) + -14
-34
What is the value of (-13 - (-7 - -4) - (52 + -23 + -41)) + -135?
-133
Calculate -38 - (40 + (-2 - 13) - 20).
-43
What is -5 + 36 - (1 + 13 - (53 + -49))?
21
What is the value of 465 + -491 + 6 + 3?
-17
What is (-94 - (5 + -3)) + -332 + 332?
-96
8 - 41 - (9 + 21 - 87)
24
(-61 - -26) + 5 + 67
37
27 + -37 + -25 - -82
47
Calculate -3 - ((2 - 9) + (-15 - (-24 + 11 + -71))).
-65
What is the value of 78 - -8 - (8 - (-23 - -16))?
71
Evaluate -20 + (-20 - -5) + (2 - -2) + -12.
-43
Evaluate 21 - (-19 + (18 - 6) + 22).
6
What is the value of 20 - (15 + 5 + 7 + -54)?
47
What is the value of 45 - ((63 - 141) + 72)?
51
What is the value of (-66 - -102 - 17) + (2 - 20)?
1
Calculate (43 - -1) + -3 + 13 + (-12 - (10 - 16)).
48
What is the value of 42 - (10 - (15 + -60))?
-13
262 - 220 - (117 + -11)
-64
What is -184 + 240 - (-24 + 14 - -21)?
45
What is (-10 - -6) + (-6 - (-5 - (-12 + 44)))?
27
What is the value of -38 + 25 - -18 - (-2 + 20)?
-13
What is the value of 93 - 62 - 37 - (-73 - (2 - (-2 - -1)))?
70
What is the value of 339 + -309 + -3 + 46 + (-10 - 0) + -1?
62
(10177 - 10191) + -1 + (-2 + 3 - 53)
-67
-22 + 21 + 4 - (38 + (-1 - -1))
-35
What is the value of -1 - 2 - (13 + 4 + -16) - (-18 - 85)?
99
Calculate -102 + 213 - 181 - -4.
-66
10 + -7 - (54 + -86)
35
Calculate -9 + (-22 - -14) + 14 - -13 - (-3 - -46).
-33
(4 - 12 - -12) + 33 - (-10 + 0 - -5)
42
Calculate -91 + 0 + (427 - 378).
-42
What is the value of (136 - 130) + 11 + 2 - (46 + -2)?
-25
What is (-38 - (22 + -62 + 19)) + -17 + -2?
-36
What is the value of (79 - 24) + (-46 - (-46 - -11))?
44
What is 948 - 846 - (19 + 2)?
81
What is the value of 21 - 12 - (-15 + -15 - -16)?
23
Evaluate (0 - 16 - (-91 + 67)) + 38 + 5 + -2.
49
Evaluate 1 - 2 - (-16 - 201 - -136).
80
What is the value of 0 - -69 - ((-16 - (52 - 41)) + 36)?
60
Evaluate -17 - -35 - (415 - 398).
1
What is the value of -3 + (27 - -1) + -870 + 775?
-70
What is the value of -5 + 6 - -71 - (1491 + -1466)?
47
8 + -12 + -51 - (-18 + 7 + -3 - -2)
-43
Calculate 0 + -63 + (-216 - 25) + 236.
-68
What is 192 + -220 - (7 + -4 - -1